{"id":29,"date":"2023-09-11T13:05:48","date_gmt":"2023-09-11T11:05:48","guid":{"rendered":"http:\/\/magritte.local\/?page_id=29"},"modified":"2023-11-30T11:18:30","modified_gmt":"2023-11-30T10:18:30","slug":"informations","status":"publish","type":"page","link":"https:\/\/www.picturae.be\/residence-magritte-sart-tilman\/informations\/","title":{"rendered":"Informations"},"content":{"rendered":"<div>\n<div>Nous avons \u00e0 c\u0153ur de vous accompagner et de vous conseiller au mieux afin que toutes vos d\u00e9marches se d\u00e9roulent sans aucun souci. C\u2019est pourquoi nous nous tenons \u00e0 votre disposition pour r\u00e9pondre \u00e0 toutes vos questions, n\u2019h\u00e9sitez pas \u00e0 nous contacter !<\/div>\n<\/div>\n","protected":false},"excerpt":{"rendered":"<p>Nous avons \u00e0 c\u0153ur de vous accompagner et de vous conseiller au mieux afin que toutes vos d\u00e9marches se d\u00e9roulent sans aucun souci. C\u2019est pourquoi nous nous tenons \u00e0 votre disposition pour r\u00e9pondre \u00e0 toutes vos questions, n\u2019h\u00e9sitez pas \u00e0 nous contacter !<\/p>\n","protected":false},"author":1,"featured_media":501,"parent":0,"menu_order":0,"comment_status":"closed","ping_status":"closed","template":"template-pages\/contact.php","meta":{"_acf_changed":false,"inline_featured_image":false,"footnotes":""},"class_list":["post-29","page","type-page","status-publish","has-post-thumbnail","hentry"],"acf":[],"yoast_head":"<!-- This site is optimized with the Yoast SEO plugin v27.3 - https:\/\/yoast.com\/product\/yoast-seo-wordpress\/ -->\n<title>Informations &amp; rendez-vous - R\u00e9sidence Magritte Sart Tilman Li\u00e8ge<\/title>\n<meta name=\"description\" content=\"Vous souhaitez en apprendre plus sur la R\u00e9sidence Gauguin ? Vous avez des questions concernant nos biens en vente ? N&#039;h\u00e9sitez pas \u00e0 nous contacter\" \/>\n<meta name=\"robots\" content=\"index, follow, max-snippet:-1, max-image-preview:large, max-video-preview:-1\" \/>\n<link rel=\"canonical\" href=\"https:\/\/www.picturae.be\/residence-magritte-sart-tilman\/informations\/\" \/>\n<meta property=\"og:locale\" content=\"fr_FR\" \/>\n<meta property=\"og:type\" content=\"article\" \/>\n<meta property=\"og:title\" content=\"Informations &amp; rendez-vous - R\u00e9sidence Magritte Sart Tilman Li\u00e8ge\" \/>\n<meta property=\"og:description\" content=\"Vous souhaitez en apprendre plus sur la R\u00e9sidence Gauguin ? Vous avez des questions concernant nos biens en vente ? N&#039;h\u00e9sitez pas \u00e0 nous contacter\" \/>\n<meta property=\"og:url\" content=\"https:\/\/www.picturae.be\/residence-magritte-sart-tilman\/informations\/\" \/>\n<meta property=\"og:site_name\" content=\"R\u00e9sidence Magritte Li\u00e8ge\" \/>\n<meta property=\"article:modified_time\" content=\"2023-11-30T10:18:30+00:00\" \/>\n<meta property=\"og:image\" content=\"https:\/\/www.picturae.be\/residence-magritte-sart-tilman\/wp-content\/uploads\/2023\/10\/picturae-magritte-exterieur-100.jpg\" \/>\n\t<meta property=\"og:image:width\" content=\"2560\" \/>\n\t<meta property=\"og:image:height\" content=\"1280\" \/>\n\t<meta property=\"og:image:type\" content=\"image\/jpeg\" \/>\n<meta name=\"twitter:card\" content=\"summary_large_image\" \/>\n<meta name=\"twitter:label1\" content=\"Dur\u00e9e de lecture estim\u00e9e\" \/>\n\t<meta name=\"twitter:data1\" content=\"1 minute\" \/>\n<script type=\"application\/ld+json\" class=\"yoast-schema-graph\">{\"@context\":\"https:\\\/\\\/schema.org\",\"@graph\":[{\"@type\":\"WebPage\",\"@id\":\"https:\\\/\\\/www.picturae.be\\\/residence-magritte-sart-tilman\\\/informations\\\/\",\"url\":\"https:\\\/\\\/www.picturae.be\\\/residence-magritte-sart-tilman\\\/informations\\\/\",\"name\":\"Informations & rendez-vous - R\u00e9sidence Magritte Sart Tilman Li\u00e8ge\",\"isPartOf\":{\"@id\":\"https:\\\/\\\/www.picturae.be\\\/residence-magritte-sart-tilman\\\/#website\"},\"primaryImageOfPage\":{\"@id\":\"https:\\\/\\\/www.picturae.be\\\/residence-magritte-sart-tilman\\\/informations\\\/#primaryimage\"},\"image\":{\"@id\":\"https:\\\/\\\/www.picturae.be\\\/residence-magritte-sart-tilman\\\/informations\\\/#primaryimage\"},\"thumbnailUrl\":\"https:\\\/\\\/www.picturae.be\\\/residence-magritte-sart-tilman\\\/wp-content\\\/uploads\\\/2023\\\/10\\\/picturae-magritte-exterieur-100.jpg\",\"datePublished\":\"2023-09-11T11:05:48+00:00\",\"dateModified\":\"2023-11-30T10:18:30+00:00\",\"description\":\"Vous souhaitez en apprendre plus sur la R\u00e9sidence Gauguin ? Vous avez des questions concernant nos biens en vente ? N'h\u00e9sitez pas \u00e0 nous contacter\",\"breadcrumb\":{\"@id\":\"https:\\\/\\\/www.picturae.be\\\/residence-magritte-sart-tilman\\\/informations\\\/#breadcrumb\"},\"inLanguage\":\"fr-FR\",\"potentialAction\":[{\"@type\":\"ReadAction\",\"target\":[\"https:\\\/\\\/www.picturae.be\\\/residence-magritte-sart-tilman\\\/informations\\\/\"]}]},{\"@type\":\"ImageObject\",\"inLanguage\":\"fr-FR\",\"@id\":\"https:\\\/\\\/www.picturae.be\\\/residence-magritte-sart-tilman\\\/informations\\\/#primaryimage\",\"url\":\"https:\\\/\\\/www.picturae.be\\\/residence-magritte-sart-tilman\\\/wp-content\\\/uploads\\\/2023\\\/10\\\/picturae-magritte-exterieur-100.jpg\",\"contentUrl\":\"https:\\\/\\\/www.picturae.be\\\/residence-magritte-sart-tilman\\\/wp-content\\\/uploads\\\/2023\\\/10\\\/picturae-magritte-exterieur-100.jpg\",\"width\":2560,\"height\":1280},{\"@type\":\"BreadcrumbList\",\"@id\":\"https:\\\/\\\/www.picturae.be\\\/residence-magritte-sart-tilman\\\/informations\\\/#breadcrumb\",\"itemListElement\":[{\"@type\":\"ListItem\",\"position\":1,\"name\":\"Home\",\"item\":\"https:\\\/\\\/www.picturae.be\\\/residence-magritte-sart-tilman\\\/\"},{\"@type\":\"ListItem\",\"position\":2,\"name\":\"Informations\"}]},{\"@type\":\"WebSite\",\"@id\":\"https:\\\/\\\/www.picturae.be\\\/residence-magritte-sart-tilman\\\/#website\",\"url\":\"https:\\\/\\\/www.picturae.be\\\/residence-magritte-sart-tilman\\\/\",\"name\":\"R\u00e9sidence Magritte Li\u00e8ge\",\"description\":\"\",\"potentialAction\":[{\"@type\":\"SearchAction\",\"target\":{\"@type\":\"EntryPoint\",\"urlTemplate\":\"https:\\\/\\\/www.picturae.be\\\/residence-magritte-sart-tilman\\\/?s={search_term_string}\"},\"query-input\":{\"@type\":\"PropertyValueSpecification\",\"valueRequired\":true,\"valueName\":\"search_term_string\"}}],\"inLanguage\":\"fr-FR\"}]}<\/script>\n<!-- \/ Yoast SEO plugin. -->","yoast_head_json":{"title":"Informations & rendez-vous - R\u00e9sidence Magritte Sart Tilman Li\u00e8ge","description":"Vous souhaitez en apprendre plus sur la R\u00e9sidence Gauguin ? Vous avez des questions concernant nos biens en vente ? N'h\u00e9sitez pas \u00e0 nous contacter","robots":{"index":"index","follow":"follow","max-snippet":"max-snippet:-1","max-image-preview":"max-image-preview:large","max-video-preview":"max-video-preview:-1"},"canonical":"https:\/\/www.picturae.be\/residence-magritte-sart-tilman\/informations\/","og_locale":"fr_FR","og_type":"article","og_title":"Informations & rendez-vous - R\u00e9sidence Magritte Sart Tilman Li\u00e8ge","og_description":"Vous souhaitez en apprendre plus sur la R\u00e9sidence Gauguin ? Vous avez des questions concernant nos biens en vente ? N'h\u00e9sitez pas \u00e0 nous contacter","og_url":"https:\/\/www.picturae.be\/residence-magritte-sart-tilman\/informations\/","og_site_name":"R\u00e9sidence Magritte Li\u00e8ge","article_modified_time":"2023-11-30T10:18:30+00:00","og_image":[{"width":2560,"height":1280,"url":"https:\/\/www.picturae.be\/residence-magritte-sart-tilman\/wp-content\/uploads\/2023\/10\/picturae-magritte-exterieur-100.jpg","type":"image\/jpeg"}],"twitter_card":"summary_large_image","twitter_misc":{"Dur\u00e9e de lecture estim\u00e9e":"1 minute"},"schema":{"@context":"https:\/\/schema.org","@graph":[{"@type":"WebPage","@id":"https:\/\/www.picturae.be\/residence-magritte-sart-tilman\/informations\/","url":"https:\/\/www.picturae.be\/residence-magritte-sart-tilman\/informations\/","name":"Informations & rendez-vous - R\u00e9sidence Magritte Sart Tilman Li\u00e8ge","isPartOf":{"@id":"https:\/\/www.picturae.be\/residence-magritte-sart-tilman\/#website"},"primaryImageOfPage":{"@id":"https:\/\/www.picturae.be\/residence-magritte-sart-tilman\/informations\/#primaryimage"},"image":{"@id":"https:\/\/www.picturae.be\/residence-magritte-sart-tilman\/informations\/#primaryimage"},"thumbnailUrl":"https:\/\/www.picturae.be\/residence-magritte-sart-tilman\/wp-content\/uploads\/2023\/10\/picturae-magritte-exterieur-100.jpg","datePublished":"2023-09-11T11:05:48+00:00","dateModified":"2023-11-30T10:18:30+00:00","description":"Vous souhaitez en apprendre plus sur la R\u00e9sidence Gauguin ? Vous avez des questions concernant nos biens en vente ? N'h\u00e9sitez pas \u00e0 nous contacter","breadcrumb":{"@id":"https:\/\/www.picturae.be\/residence-magritte-sart-tilman\/informations\/#breadcrumb"},"inLanguage":"fr-FR","potentialAction":[{"@type":"ReadAction","target":["https:\/\/www.picturae.be\/residence-magritte-sart-tilman\/informations\/"]}]},{"@type":"ImageObject","inLanguage":"fr-FR","@id":"https:\/\/www.picturae.be\/residence-magritte-sart-tilman\/informations\/#primaryimage","url":"https:\/\/www.picturae.be\/residence-magritte-sart-tilman\/wp-content\/uploads\/2023\/10\/picturae-magritte-exterieur-100.jpg","contentUrl":"https:\/\/www.picturae.be\/residence-magritte-sart-tilman\/wp-content\/uploads\/2023\/10\/picturae-magritte-exterieur-100.jpg","width":2560,"height":1280},{"@type":"BreadcrumbList","@id":"https:\/\/www.picturae.be\/residence-magritte-sart-tilman\/informations\/#breadcrumb","itemListElement":[{"@type":"ListItem","position":1,"name":"Home","item":"https:\/\/www.picturae.be\/residence-magritte-sart-tilman\/"},{"@type":"ListItem","position":2,"name":"Informations"}]},{"@type":"WebSite","@id":"https:\/\/www.picturae.be\/residence-magritte-sart-tilman\/#website","url":"https:\/\/www.picturae.be\/residence-magritte-sart-tilman\/","name":"R\u00e9sidence Magritte Li\u00e8ge","description":"","potentialAction":[{"@type":"SearchAction","target":{"@type":"EntryPoint","urlTemplate":"https:\/\/www.picturae.be\/residence-magritte-sart-tilman\/?s={search_term_string}"},"query-input":{"@type":"PropertyValueSpecification","valueRequired":true,"valueName":"search_term_string"}}],"inLanguage":"fr-FR"}]}},"_links":{"self":[{"href":"https:\/\/www.picturae.be\/residence-magritte-sart-tilman\/wp-json\/wp\/v2\/pages\/29","targetHints":{"allow":["GET"]}}],"collection":[{"href":"https:\/\/www.picturae.be\/residence-magritte-sart-tilman\/wp-json\/wp\/v2\/pages"}],"about":[{"href":"https:\/\/www.picturae.be\/residence-magritte-sart-tilman\/wp-json\/wp\/v2\/types\/page"}],"author":[{"embeddable":true,"href":"https:\/\/www.picturae.be\/residence-magritte-sart-tilman\/wp-json\/wp\/v2\/users\/1"}],"replies":[{"embeddable":true,"href":"https:\/\/www.picturae.be\/residence-magritte-sart-tilman\/wp-json\/wp\/v2\/comments?post=29"}],"version-history":[{"count":5,"href":"https:\/\/www.picturae.be\/residence-magritte-sart-tilman\/wp-json\/wp\/v2\/pages\/29\/revisions"}],"predecessor-version":[{"id":618,"href":"https:\/\/www.picturae.be\/residence-magritte-sart-tilman\/wp-json\/wp\/v2\/pages\/29\/revisions\/618"}],"wp:featuredmedia":[{"embeddable":true,"href":"https:\/\/www.picturae.be\/residence-magritte-sart-tilman\/wp-json\/wp\/v2\/media\/501"}],"wp:attachment":[{"href":"https:\/\/www.picturae.be\/residence-magritte-sart-tilman\/wp-json\/wp\/v2\/media?parent=29"}],"curies":[{"name":"wp","href":"https:\/\/api.w.org\/{rel}","templated":true}]}}